he prime factors of w(-5)?
23
Let c(a) = -2*a + 1. Let z = -11 + 8. Let n = z - 1. What are the prime factors of c(n)?
3
Suppose -4*r = -o + 2*o - 41, 0 = 2*o - 4*r - 22. What are the prime factors of o?
3, 7
Suppose 2*j - 6*j = 16. Let w = 8 + j. What are the prime factors of w?
2
Suppose z - 41 = -28. List the prime factors of z.
13
Let b be 24*(3/(-4))/1. Let u = b + 38. List the prime factors of u.
2, 5
Suppose 0*o + 33 = 3*o. List the prime factors of o.
11
Let a(t) = t**3 + 3*t**2 - 2*t + 5. Let d be a(-4). List the prime factors of (147/(-28))/(d/8).
2, 7
Suppose -4*h - 13 = -3*o, 0*o = -o + h + 5. Let c = o - 0. List the prime factors of c.
7
Let g = -47 - -33. Let y be 4/6 + g/3. Let j(n) = n**3 + 4*n**2 - 2*n. List the prime factors of j(y).
2
Let o(a) = -a**3 + 10*a**2 + 7*a. What are the prime factors of o(10)?
2, 5, 7
Suppose -2*r + 27 = -39. Suppose -6*v + 115 = 4*f - 3*v, 0 = -f - 5*v + r. What are the prime factors of f?
2, 7
Let s = 8 + -7. Let d be (-1 + -2)/(-1)*1. Let k = d + s. List the prime factors of k.
2
Let o(l) = -23*l**3 - l**2 - l + 1. Let t be o(1). Let v = -17 - t. List the prime factors of v.
7
Let w(y) = y**3 + 4*y**2 - 6*y - 3. Suppose 0 = -j - 4*z - 5, -2*z - 25 = 5*j - 7*z. Let h be w(j). Suppose -h*a + 8 = -16. What are the prime factors of a?
2, 3
Let r be -1 - (1 - 0) - -5. Let a(y) = 2*y - 7. Let j be a(7). Suppose -r*x = -j*x + 72. What are the prime factors of x?
2, 3
Let m = 11 - 15. Let b be (-26)/4 + (-2)/m. List the prime factors of -4*(-3)/b + 8.
2, 3
Let m(j) = 4 + 7*j - 3 + 4*j. Let i be m(-2). Let l = i + 30. What are the prime factors of l?
3
Let w(k) = -k - 1. Let q(d) = -6*d - 4. Let g(c) = q(c) - 5*w(c). What are the prime factors of g(-4)?
5
Let x(m) = -4*m - 1. Let o be x(6). Let t = 44 + o. What are the prime factors of t?
19
What are the prime factors of 1804/5 + (-32)/40?
2, 3, 5
Let f(n) = 2*n**2 - 5*n + 10. List the prime factors of f(4).
2, 11
Suppose -5*l = -l - 32. Suppose -2*b + l = -0*b. What are the prime factors of (b/6)/(3/27)?
2, 3
Suppose -3*b - 3*b = -144. List the prime factors of b.
2, 3
Let p(z) be the second derivative of 5*z**3/2 - 3*z**2/2 + 2*z. Let c be p(2). Suppose 4*r = c + 5. What are the prime factors of r?
2
Let q be 6/(-15) - (-21)/15. Suppose 2*h - 29 = q. What are the prime factors of h?
3, 5
Let p(w) = -2*w - 9. Let c be p(-7). Suppose -3*z = c*d - 7*z - 27, -3*d + 2*z = -15. List the prime factors of (-8 + 5)/((-1)/d).
3
Let a = 163 - -128. List the prime factors of a.
3, 97
Suppose g = 3*r + 3*g + 61, -r + 5*g - 26 = 0. Let w = -6 - r. List the prime factors of w.
3, 5
Suppose 0 = -4*r + 152 + 68. What are the prime factors of r?
5, 11
Suppose -3*k - 23 = -4*k. Let f = k + 8. List the prime factors of f.
31
Suppose 6*r - 402 - 234 = 0. List the prime factors of r.
2, 53
Let b be (-2)/6 - 20/(-6). Suppose -d = b*d - 40. List the prime factors of d.
2, 5
Let b = -6 - -12. Suppose -3*i - j + 85 = 0, 2*i - b*j = -4*j + 54. List the prime factors of i.
2, 7
Let y(u) = -u**2 + 12*u + 11. Let b be y(12). Let d(f) = -6*f**2 - 4*f**2 - 5 + b*f**2. List the prime factors of d(-4).
11
Suppose u - 35 = -2. Suppose -161 = -4*q - u. Suppose -4*p - p = 4*j - 23, 5*j = -3*p + q. What are the prime factors of j?
7
Suppose b = 5, -2*g + 6*g + 25 = 5*b. Let p(i) = -i**3 - i**2 + i + 16. List the prime factors of p(g).
2
Suppose -c + 9 = 2*c. Suppose c*w - 35 = -2*t, -4*t - 2*w - 13 + 63 = 0. What are the prime factors of t?
2, 5
Suppose -3*f - j + 1 = 0, -12 = -4*f + 5*j - j. Let x be 1*-2*16/f. Let p = x - -47. List the prime factors of p.
3, 5
Let q(a) = 5*a**2 + a - 4. Let v be q(-4). Suppose 2*h - v + 30 = 0. Suppose -19 - h = -5*r. List the prime factors of r.
2
Let o be -71 - (-5 + 3 - -2). Let s = o + 100. What are the prime factors of s?
29
Let v be -3 - (-73 + (-6)/(-2)). Let k = -48 + v. What are the prime factors of k?
19
Let v be 6/(-9) + 73/(-3). Let d be (-33)/(-5) - 10/v. Suppose -t = -1 - d. List the prime factors of t.
2
Suppose 4 = -n - 6. Let t be n/30 - (-28)/(-6). Let o = t - -11. What are the prime factors of o?
2, 3
Suppose 0 = 5*j - 4*x - 340, -8*j = -4*j + 2*x - 272. List the prime factors of j.
2, 17
Let l(y) = -y**3 + 3*y**2 + 6*y - 4. Let n be l(4). Let b(s) = s**2 + s + 5. What are the prime factors of b(n)?
5
What are the prime factors of (3/(-4))/((-7)/168)?
2, 3
Let q be (1/(-3))/((-2)/18). Suppose -5*b - 5 = 0, -q*b = -4*l - 4*b + 119. List the prime factors of l.
2, 3, 5
Let x(k) be the third derivative of -1/24*k**4 + 0*k**3 + 0 - 2*k**2 + 0*k. What are the prime factors of x(-4)?
2
Let z be 96/(-18) + 2/6. Let q = z + 17. List the prime factors of q.
2, 3
Let o = 75 + -52. List the prime factors of o.
23
Suppose 22 = -5*a + 132. List the prime factors of 1 - (-3 + 5 - a).
3, 7
List the prime factors of -4 + 2/((-8)/4) + 269.
2, 3, 11
Let v(f) be the third derivative of -f**4/24 + 19*f**3/6 + f**2. List the prime factors of v(14).
5
Let b(t) = -t**3 + t**2 + t + 6. Let h = 4 - 4. Let g = h - 0. What are the prime factors of b(g)?
2, 3
Let f(y) = 8*y - 13. What are the prime factors of f(7)?
43
Let i(j) = -5*j - 10. What are the prime factors of i(-8)?
2, 3, 5
Suppose -2*v - 2 = -30. Let g = -5 + 3. List the prime factors of -2*v*g/4.
2, 7
Let s = 3 - 3. Suppose 0 = -s*g - 5*g + 20. List the prime factors of g.
2
Let m(d) = d**2 + 5*d + 3. List the prime factors of m(5).
53
Let n(w) = 22*w**2 + w. Let u(a) = -a + 2. Let k be u(0). Suppose -4*d + 4*x = -16, -2*d + x = d - k. What are the prime factors of n(d)?
3, 7
Suppose 1848 = 4*j + 7*j. What are the prime factors of j?
2, 3, 7
Let d be 70/21*(-12)/(-10). Suppose 0 = -d*i + 65 - 17. What are the prime factors of i?
2, 3
Suppose 0 = 3*f + 3, -2*u - 3*f + 9 = -6*f. What are the prime factors of u?
3
Let v(r) = r**2 - 3*r. Suppose -2*u + 12 = d, -5*d = 5*u - 18 - 27. List the prime factors of v(d).
2, 3
Let l be (10/4)/((-2)/4). Let s = l + 3. Let d(h) = -2*h**3 - 2*h**2 + h - 1. What are the prime factors of d(s)?
5
Suppose -i + 7 + 9 = 0. What are the prime factors of i?
2
Let f = 8 + -9. What are the prime factors of 2*f - (2 + -20)?
2
What are the prime factors of (-5)/(-20) + 19/4?
5
Suppose -4*l + a = 15, 2 = -l + 2*a + 7. Let s = -7 - l. What are the prime factors of (-1 - 0)*2*s?
2
Suppose 0 = 4*a + a - 20, -5*a + 12 = -2*g. Suppose -6 = g*h - 50. Suppose -3*n + 2*r + 41 = 0, -2*n + 13 + h = -2*r. List the prime factors of n.
17
Suppose 0*w - 3*w = -9. Suppose -w*a + 16 = m - 0*a, 0 = -3*m - 3*a + 30. List the prime factors of m.
7
Let l = 5 + -8. Suppose 0 = -q - 2*q - 6. List the prime factors of (-48)/q*l/(-6).
2, 3
Suppose -2*r + t + 451 = r, -4*r = -4*t - 596. What are the prime factors of r?
151
Suppose 0 = 2*j + 3 - 47. List the prime factors of j.
2, 11
Suppose 0 = 5*x + 3*f - 645, -7*x + 3*f + 387 = -4*x. What are the prime factors of x?
3, 43
Suppose 4*w - 2*a = 32, 4*w - 32 = -0*a - a. What are the prime factors of (2 + 4)/(w/12)?
3
Let b(u) = u**3 + 6*u**2 - 6*u - 2. What are the prime factors of b(-6)?
2, 17
Let j = 8 + -6. What are the prime factors of (-3)/(-6) - (-9)/j?
5
Suppose -d - 2*l - l = 11, 0 = -2*l - 10. Suppose d*s = 2*s + 8. List the prime factors of s.
2
Let a(o) = -o**3 - 11*o**2 - o - 3. Let f be a(-12). Suppose 5*y = f - 28. What are the prime factors of y?
5
Let z(t) = t + 12. Let o be z(-10). Suppose -3*v = -p - 15, o*v - 30 = 5*p - 7. Suppose -22 = -v*d + 14. List the prime factors of d.
3
Suppose -1 + 13 = 2*d. Let l be 3/d*0 - -5. Suppose 3*p - 2*p = 2*u - l, -5 = -p. List the prime factors of u.
5
Let q(p) = -3*p - 16. Let x be q(-7). Let m(u) be the first derivative of u**3/3 - 3*u**2/2 + u - 2. List the prime factors of m(x).
11
Suppose 2*t - 69 = 5*c, -5*t + 289 - 99 = 5*c. List the prime factors of t.
37
Let g(s) = -4*s + 14. List the prime factors of g(-8).
2, 23
Let w be 40/12 - 1/3. Suppose 5*a - 18 = -d - 3*d, -3*d = -w*a + 27. Suppose -a + 14 = 4*b. What are the prime factors of b?
2
Let t(r) = 7*r + 62. List the prime factors of t(-6).
2, 5
Let s = -39 + 67. Let z = s + 8. List the prime factors of z.
2, 3
Suppose -a - 2*k + 2 = -4, -2*k + 10 = 3*a. Suppose -2 = a*m - 48. List the prime factors of m.
23
Suppose 4*m - 1 + 17 = 0. L